Let j be y(29). What is p(j)?
21
Let o = 14 + -11. Let g(r) = -o*r**2 + 5*r**2 - 2 - 4*r**2 + r**2 - 4*r. Suppose 0 = -0*l + 4*l + 12. Determine g(l).
1
Let h(k) = 6*k - 30. Let r = 1868 + -1855. Calculate h(r).
48
Let l(s) = -2*s - 2. Let v = -39 - -38. Let y be 12/(-1)*v/(-3). Let p(i) = -3*i - 1. Let f(b) = y*p(b) + 5*l(b). Give f(5).
4
Let r(t) = 8 - 700*t + 228*t + 235*t + 234*t - 1 + t**2. Give r(4).
11
Let l(g) = 10*g + 17. Let i(w) = 5*w + 8. Let f(o) = 13*i(o) - 6*l(o). Suppose 575 = -5*v + 600. Calculate f(v).
27
Let r(f) be the first derivative of 13/3*f**3 - 1/4*f**4 + 11*f + 0*f**2 - 48. Calculate r(13).
11
Let z(v) = -2*v**2 + 26*v - 12. Let o = 3685 - 3672. What is z(o)?
-12
Let k(y) = -y**2 - 13*y - 22. Suppose 0 = 4*w - 12, -3*w - 11 = 125*r - 123*r. Calculate k(r).
8
Suppose -3*y - d = -66, 3*d - 66 = -3*y + 6*d. Let p = y + -23. Let h(g) be the first derivative of 11*g**3/3 + g - 41. What is h(p)?
12
Let b = 42999 + -43005. Suppose 0 = -2*v - 3*v + 40. Let l(g) = g**2 - 2*g**2 + 2 - v - 7*g. Give l(b).
0
Let x(v) = v**3 - 13*v**2 + 2*v - 10. Let c be x(13). Suppose -8*y + 48 = c. Let f(z) = z**3 - 5*z**2 + 6*z - 3. Calculate f(y).
5
Let v(d) = 108*d**2 - 1 - 108*d**2 + 7*d**3 - 2*d**3 + 39*d - 38*d. Let w = -137 + 138. What is v(w)?
5
Let s(z) = 41*z**2 + 5*z - 41. Let f(v) = 39*v**2 + 4*v - 31. Let j(u) = -4*f(u) + 3*s(u). Give j(1).
-33
Let f(l) = -70*l + 81. Let t(a) = 99*a - 121. Let u(c) = 7*f(c) + 5*t(c). Give u(9).
7
Let s(f) = -13*f + 1. Suppose -2 = 5*i + 3, 0 = 5*n - 4*i - 29. Suppose 0 = 3*a + 2*m - n*m - 18, -a - 4 = m. What is s(a)?
-12
Let j(b) = b**3 - 5*b**2 + 3*b - 4. Let x be 12*(-427)/(-21) - 7. Let z = x - 232. Calculate j(z).
11
Let x(k) = -4*k**3 + 29*k**2 - 7*k. Let z = 2859 - 2852. Give x(z).
0
Let n(p) be the third derivative of p**4/3 + p**3/2 - 21*p**2 - 2. Let z(q) = 5*q + 1. Let x(o) = -3*n(o) + 5*z(o). Determine x(-4).
-8
Suppose 8*p = 11*p + 168. Let v = p - -54. Let w(i) = -2*i + 8. Let h(y) = 1. Let l(s) = v*h(s) - w(s). Give l(9).
8
Let f(c) = 6*c - 2. Let o be (-2)/(-8) - 4/16. Suppose 5*k = 2*d - 9 - 11, o = -2*k - 2*d - 8. Give f(k).
-26
Let r(d) = -13*d**3 - 6*d**2 + 16*d + 196. Let o(v) = -3*v**3 - 2*v**2 + 4*v + 48. Let a(f) = -9*o(f) + 2*r(f). Determine a(-4).
8
Suppose k + 3*k - 12 = 0. Let j(c) = 2*c - 2*c**3 + 7 + 6*c**2 + 5*c + c**k. Suppose -4*t = -3*x + 29, 4*x - 4*t + 203 = 239. What is j(x)?
7
Let v = 4200 + -4204. Let q(r) = -r**3 - 2*r**2 + 5*r + 3. Calculate q(v).
15
Let d(z) = z**3 - z. Let h = -1698 + 1702. Let y be 9/5 + 1/5. Suppose 5*x - 23 = y*l - l, 2*l + h*x = 10. Calculate d(l).
-24
Suppose -69 = -6*l - 537. Let q = l - -68. Let s(i) = -i - 8. Let d(o) = o + 9. Let a(w) = 2*d(w) + 3*s(w). What is a(q)?
4
Let v(k) = 14*k + 53. Let o be v(-4). Let i(s) be the third derivative of -s**5/60 - s**4/4 + 3*s**2 - 11*s. Calculate i(o).
9
Suppose 5*b - 5 = -5*z, 5*b + 3 = -4*z + 13. Let g(o) = -12*o**2 - 592804*o**3 + 592806*o**3 - 2 + 2 - 4 - 1. What is g(b)?
-5
Let y = -180 - -185. Let c(m) = -4*m**3 - 43*m**2 + 40*m - 10. Let q(u) = -3*u**3 - 29*u**2 + 27*u - 7. Let g(x) = y*c(x) - 7*q(x). Calculate g(11).
-1
Let s(o) = -4*o**3 - 6*o**2 + 9*o + 6. Let c(k) = -5*k**3 - 7*k**2 + 10*k + 7. Suppose 0 = -4*a + 58 - 42. Let m(j) = a*s(j) - 3*c(j). Give m(-5).
23
Let b = -2802 + 2805. Let r(f) = f**2 - 7*f - 4. Determine r(b).
-16
Let l(i) = -51*i**2 + 25*i**2 - 14*i - 6*i**2 + 31*i**2 - 32. Give l(-13).
-19
Suppose 428*v - 442*v = 28. Let m(s) = 3*s**3 + 4*s**2 - s + 2. Give m(v).
-4
Let f(o) = -o**2 + 4*o + 8. Let p be -15 + 13 - (4 + (2 - 6))/(-3). Give f(p).
-4
Let v be 208/936 - -11*1/(-9). Let s(f) = -6*f**2 - f - 1. Determine s(v).
-6
Let v(m) = m - 13. Suppose -4*g - t + 8 - 1 = 0, -2*t = 3*g - 4. Suppose -k - z + 4 = 0, -3*k + g*z + 34 = 2*k. Calculate v(k).
-7
Let b = -465 + 470. Let m(j) = 3*j + 14 + b - 20. Give m(8).
23
Let x be (0 + (-3 - -2))/(-1). Let n be x + (-4)/8*2. Let d be -2 + n - (-1 + 3 + -3). Let p(b) = 6*b. Calculate p(d).
-6
Let f(d) = -29*d**3 - 25*d**2 + 18*d**3 + 12*d**3 - 29*d + 20 + 34. Calculate f(26).
-24
Let s(z) = 6*z - 10. Let o be s(2). Let f(a) = -5*a**2 + 13*a - 7. Let w be f(o). Let r(c) = 6*c**3 - c**2. Calculate r(w).
-7
Let g be ((-309)/(-54) - 40/180)*(-2 + 4). Let v(w) = -2*w**2 + 27*w - 60. Determine v(g).
-5
Let v(k) = -3*k - 5. Let a(q) = q + 1. Let l(s) = -12*a(s) - 3*v(s). Let j = -4438 + 4441. Calculate l(j).
-6
Let x(y) = 123*y**2 + 0 - 6*y - 250*y**2 - 6 + 122*y**2. Determine x(-3).
-33
Let a be (-2 - (-130)/8)/((-1)/(-4)). Suppose -a*l + 52*l + 195 = 0. Let x(s) = -36 + 2*s - 2*s - 6*s + l. Calculate x(2).
-9
Suppose -621 + 1118 = -223*j - 618. Let p(d) = 3*d**3 + 5*d**2 + 2*d + 3. Let u(l) = 13*l**3 + 19*l**2 + 7*l + 13. Let n(a) = -9*p(a) + 2*u(a). What is n(j)?
-31
Suppose 4*n + 14*n = 36. Let c be (10 + -10)*n/(-8). Let y(w) be the third derivative of w**4/24 - 2*w**3/3 + 5*w**2. Give y(c).
-4
Let m(s) = 2*s**2 - 57*s - 55*s - 3*s**2 + 99*s. Let q be (-125)/15 - (-7)/21. Calculate m(q).
40
Let w(n) = 2654*n - 2681*n + 3*n**2 + 0*n**2 - 9. What is w(7)?
-51
Let q(u) be the second derivative of -u**4/12 - u**3 + 7*u**2/2 - 52144*u. Suppose -3*f - 5*d + 4 = -0, f - d = -12. Calculate q(f).
0
Let f = -12 + 12. Let s(t) = -1280 - 1279 + 2543 - t**2 + 0*t**2. Give s(f).
-16
Let a(t) be the first derivative of 0*t**2 + 1/6*t**4 + 14 - 7/3*t**3 + 0*t - 1/60*t**5. Let q(b) be the third derivative of a(b). What is q(-5)?
14
Let g(y) = y + 1. Let j(t) = -t**2 - 18*t - 49. Let f be j(-4). Suppose 33 = f*u + 4*u. Calculate g(u).
4
Let u(a) = a**3 + a**2 + a - 2. Let q(i) = -5*i**3 + 15*i**2 - 3*i + 1. Let p(h) = q(h) + 4*u(h). Determine p(19).
12
Let x(l) be the third derivative of -l**4/8 + l**3/3 - l**2. Let f(s) = -s**2 - 7*s - 14. Let a be (-413)/(-59) - 20/2. Let n be f(a). What is x(n)?
8
Let s(a) = 2*a**2 + 4*a + 9. Let y(n) = 262*n + 1306. Let r be y(-5). What is s(r)?
25
Let w(c) = 5*c**2 + 24*c + 55. Let g(y) = 26*y**2 + 120*y + 312. Let n(x) = -2*g(x) + 11*w(x). What is n(-8)?
-19
Let b(j) be the first derivative of 11*j**2/2 - 18*j - 2152. Give b(4).
26
Let z(g) = -49*g**2 - 54*g - 11. Let a(h) = -27*h**2 - 28*h - 6. Let i(y) = -9*a(y) + 5*z(y). Determine i(-11).
-45
Let l(z) = 142*z**2 - 10*z + 11. Let i be l(4). Let n(o) = i*o + 2247*o - 4488*o - 6. What is n(4)?
2
Suppose 2*i + 586 = -350. Let g = -471 - i. Let z(m) = m**3 + 3*m**2 + m - 4. What is z(g)?
-7
Let w be (-6)/((-9)/3) - (2 + -7). Let h = 27 - 24. Let d(c) = -2*c**3 - 4 - 2*c**3 - 6*c - 6*c**2 + 4*c**h + c**3. Determine d(w).
3
Let x(y) = 8*y**2 + y - 141. Let m(t) = -7*t**2 - t + 121. Let q(d) = 7*m(d) + 6*x(d). Suppose -3*p = 4*r + 17, p - 4*p + 3*r - 3 = 0. Give q(p).
-5
Suppose 20*u - 261 = 79. Suppose 121 = u*z + 2. Let v(y) = y**2 - 7*y + 9. Give v(z).
9
Let c(u) = u**2 - 3*u - 1. Suppose d = -3*x + 2*d + 43, 3*d - 15 = 0. Let r = x + -15. Suppose -r = -6*p + 23. Give c(p).
3
Let i = 56 + -53. Let g be (i/6)/((-10)/(-20)). Let x(c) = 10*c**3 - c**2. What is x(g)?
9
Let b(z) = -10*z + 42 + 60 - 1 - 227. Determine b(-11).
-16
Let v = 1299 + -1310. Let f(i) = -2*i - 18. Give f(v).
4
Let x(d) = d**3 + 5*d**2 - 14*d + 8. Suppose -3578*j - 42 = -3572*j. What is x(j)?
8
Let u(z) = 9*z. Let i(j) = j**2 - 11*j + 13. Let b be i(7). Suppose 96 = 14*m + 292. Let o = m - b. What is u(o)?
9
Let v be 13/((-104)/(-36))*(-7)/(105/(-20)). Let m(h) = -h**3 + 7*h**2 - 8*h + 14. Give m(v).
2
Let z(k) be the second derivative of -k**3/2 - 57*k**2/2 - 2146*k + 1. Calculate z(-11).
-24
Suppose -30*c - 1020 = 50*c - 12*c. Let i(t) = -t**3 - 14*t**2 + 13*t - 34. Calculate i(c).
-4
Let f(h) be the first derivative of -1/24*h**5 + 1/8*h**4 - 1/180*h**6 + 38 - 38/3*h**3 + 0*h + 0*h**2. Let z(o) be the third derivative of f(o). What is z(-4)?
-9
Let g(t) be the first derivative of -3*t - 4*t**2 + 20 - 1/3*t**3. Give g(-6).
9
Let h be (2/(-6) + 40/(-15))*-1. Suppose j + 8 = 3*c, 5*j = c + h*c - 29. Let v(o) = o**2 + 3*o - 12. Determine v(j).
-2
Let f be 1247/7 + ((-12)/42)/2. Suppose -58 + f = -20*j. Let d(o) = -o. Calculate d(j).
6
Suppose 4*a - 8 - 4 = 0. Suppose a*d - 3*c - 21 = 0, 5*d - 23 = -0*d - c. Let z(s) = -4*s - 1 + s + d*s - 3*s. Give z(-5).
4
Let m = -213 + 281. L